{"id":372,"date":"2021-04-09T07:52:10","date_gmt":"2021-04-09T07:52:10","guid":{"rendered":"https:\/\/annettbossin.de\/?page_id=372"},"modified":"2025-08-03T08:52:54","modified_gmt":"2025-08-03T08:52:54","slug":"emmi-pikler","status":"publish","type":"page","link":"https:\/\/annettbossin.de\/?page_id=372","title":{"rendered":"Emmi Pikler"},"content":{"rendered":"\n<div class=\"wp-block-columns\">\n<div class=\"wp-block-column\" style=\"flex-basis:33.33%\">\n<div class=\"wp-block-image\"><figure class=\"aligncenter size-large\"><img loading=\"lazy\" width=\"211\" height=\"300\" src=\"https:\/\/annettbossin.de\/wp-content\/uploads\/2021\/04\/Emmi-Pikler-211x300-1.jpg\" alt=\"Dr. Emmi Pikler\n\" class=\"wp-image-800\"\/><\/figure><\/div>\n<\/div>\n\n\n\n<div class=\"wp-block-column\" style=\"flex-basis:66.66%\">\n<p class=\"has-drop-cap\">Emmi Pikler lebte von 1902 bis 1984 und fand in ihrer p\u00e4dagogischen T\u00e4tigkeit als Kinder\u00e4rztin heraus, dass sich Kinder gesund entwickeln und ihrem Potential entsprechend entfalten \u2013 und das auch schon im S\u00e4uglingsalter \u2013 wenn sie aus eigener Initiative heraus aktiv werden. Sie erleben dabei sich selbst. Den Erwachsenen bedarf es als Begleiter, der sich immer wieder auf das Neugelernte des Kindes einstellt und seine Angebote anpasst. Er wird dadurch nicht zum Stimulator des Kindes, sondern schafft die Voraussetzungen f\u00fcr die Entdeckungen des Kindes aus eigener Motivation und Freude heraus. Das unterscheidet die Arbeit mit den Kindern grunds\u00e4tzlich von einer zielgerichteten P\u00e4dagogik. Wenngleich es auch Emmi Pikler nicht um ein &#8222;laissez-fair&#8220; und ohne Ziele ging. Ganz im Gegenteil &#8211; der Erwachsene ist der Wegbegleiter beim Anziehen und dem Essen genauso wie bei der Vorbereitung einer geeigneten Umgebung f\u00fcr das spielerische Entdecken.<\/p>\n<\/div>\n<\/div>\n\n\n\n<p>In der Pikler-P\u00e4dagogik sind die drei Grundprinzipien achtsame Pflege, selbst\u00e4ndige Bewegungserfahrung und freies Spiel bestimmend f\u00fcr den Umgang mit den heranwachsenden Kindern. Dahinter verbergen sich f\u00fcr mich mehr als drei Konzepte. Ich erlebe bei ihrer Umsetzung immer wieder, wie sehr sie den Bed\u00fcrfnissen der Kinder entsprechen. Damit sich die Kinder tats\u00e4chlich frei entfalten k\u00f6nnen, sind es dar\u00fcber hinaus der respektvolle Umgang, die Ansprache, die Gesten, die innere Stimmung des Erwachsenen, die das Miteinander bereichern.<\/p>\n\n\n\n<figure class=\"wp-block-pullquote is-style-solid-color\"><blockquote><p>&#8222;Die Liebe, die Sorgfalt mu\u00df das Kind umgeben wie ein angenehmes, gleichm\u00e4\u00dfiges, warmes Bad.&#8220;<\/p><cite>Emmi Pikler in Friedliche Babys &#8211; zufriedene M\u00fctter<\/cite><\/blockquote><\/figure>\n\n\n\n<p>Das bestimmt aber nicht nur die Beziehung zwischen den Kindern und mir, sondern auch die Kinder untereinander erleben sich liebevoll, freudvoll, lebendig, aufmerksam und achtsam. Das zu erleben, ist ein Geschenk. Es resultiert aus der p\u00e4dagogischen Arbeit nach den drei Grundprinzipien der Pikler-P\u00e4dagogik, die diese soziale Entfaltung erm\u00f6glichen.<\/p>\n\n\n\n<p>Emmi Pikler gr\u00fcndete in den 1940er Jahren in Budapest ein Kinderheim &#8211; Lodzy genannt. Bis heute wird es nach der P\u00e4dagogik von Emmi Pikler als Krippe gef\u00fchrt und beherbergt auch das Pikler-Institut. Das Team besteht aus P\u00e4dagoginnen, Pflegerinnen, Psychologinnen, \u00c4rztinnen und Soziologinnen. Es forscht in ihrem p\u00e4dagogischen Alltag wie es Emmi Pikler tat, weiter und bringt immer wieder beachtliche Zusammenh\u00e4nge und Erkenntnisse hervor. Diese werden im Rahmen internationaler Seminaren, Symposien und diverser Schriften ver\u00f6ffentlicht. <\/p>\n\n\n\n<hr class=\"wp-block-separator alignfull has-text-color has-background has-black-background-color has-black-color is-style-wide\"\/>\n\n\n\n<p>Ausgew\u00e4hlte Artikel f\u00fcr weitere Informationen (pdf):  <\/p>\n\n\n\n<p><a href=\"https:\/\/annettbossin.de\/wp-content\/uploads\/2021\/04\/Autonomie.pdf\" target=\"_blank\" rel=\"noreferrer noopener\">Anna Tardos: Autonomie und\/ oder Abh\u00e4ngigkeit<\/a><\/p>\n\n\n\n<p><a href=\"https:\/\/annettbossin.de\/wp-content\/uploads\/2021\/04\/vertraut.pdf\" target=\"_blank\" rel=\"noreferrer noopener\">Ute Strub: Miteinander vertraut werden<\/a><\/p>\n\n\n\n<p><a href=\"https:\/\/annettbossin.de\/wp-content\/uploads\/2021\/04\/Beobachtungen-im-PiklerInstitut.pdf\" target=\"_blank\" rel=\"noreferrer noopener\">Christine Rainer: Jede Begegnung hat Bedeutung<\/a><\/p>\n\n\n\n<p><a href=\"https:\/\/annettbossin.de\/wp-content\/uploads\/2021\/04\/Beziehungserfahrung-auf-dem-Wickeltisch.pdf\">Daniela Pichler-Bogner: Beziehungserfahrung auf dem Wickeltisch<\/a><\/p>\n\n\n\n<p><a rel=\"noreferrer noopener\" href=\"https:\/\/annettbossin.de\/wp-content\/uploads\/2024\/06\/Gedanken.pdf\" target=\"_blank\">Annett Bossin &#8211; Gedanken und Erkenntnisse aus der Gehirnforschung und P\u00e4dagogik<\/a><\/p>\n\n\n\n<p><a href=\"https:\/\/annettbossin.de\/wp-content\/uploads\/2025\/08\/PaedagogischesHandwerkszeug.pdf\" target=\"_blank\" rel=\"noreferrer noopener\">Annett Bossin &#8211; Mein p\u00e4dagogisches Handwerkszeug<\/a><\/p>\n\n\n\n<p class=\"has-text-align-right\">Weitere Informationen:<\/p>\n\n\n\n<p class=\"has-text-align-right\"><a href=\"https:\/\/www.pikler.hu\/\" data-type=\"URL\" data-id=\"https:\/\/www.pikler.hu\/\" target=\"_blank\" rel=\"noreferrer noopener\">Pikler-Institut Budapest <\/a><\/p>\n\n\n\n<p class=\"has-text-align-right\"><a href=\"http:\/\/www.piklerverband.org\" data-type=\"URL\" data-id=\"www.piklerverband.org\" target=\"_blank\" rel=\"noreferrer noopener\">Pikler-Verband Europa<\/a><\/p>\n\n\n\n<p><\/p>\n","protected":false},"excerpt":{"rendered":"<p>Emmi Pikler lebte von 1902 bis 1984 und fand in ihrer p\u00e4dagogischen T\u00e4tigkeit als Kinder\u00e4rztin heraus, dass sich Kinder gesund entwickeln und ihrem Potential entsprechend entfalten \u2013 und das auch [&hellip;]<\/p>\n","protected":false},"author":1,"featured_media":0,"parent":0,"menu_order":0,"comment_status":"closed","ping_status":"closed","template":"","meta":[],"_links":{"self":[{"href":"https:\/\/annettbossin.de\/index.php?rest_route=\/wp\/v2\/pages\/372"}],"collection":[{"href":"https:\/\/annettbossin.de\/index.php?rest_route=\/wp\/v2\/pages"}],"about":[{"href":"https:\/\/annettbossin.de\/index.php?rest_route=\/wp\/v2\/types\/page"}],"author":[{"embeddable":true,"href":"https:\/\/annettbossin.de\/index.php?rest_route=\/wp\/v2\/users\/1"}],"replies":[{"embeddable":true,"href":"https:\/\/annettbossin.de\/index.php?rest_route=%2Fwp%2Fv2%2Fcomments&post=372"}],"version-history":[{"count":60,"href":"https:\/\/annettbossin.de\/index.php?rest_route=\/wp\/v2\/pages\/372\/revisions"}],"predecessor-version":[{"id":1508,"href":"https:\/\/annettbossin.de\/index.php?rest_route=\/wp\/v2\/pages\/372\/revisions\/1508"}],"wp:attachment":[{"href":"https:\/\/annettbossin.de\/index.php?rest_route=%2Fwp%2Fv2%2Fmedia&parent=372"}],"curies":[{"name":"wp","href":"https:\/\/api.w.org\/{rel}","templated":true}]}}