{"id":4,"date":"2021-04-08T11:39:30","date_gmt":"2021-04-08T11:39:30","guid":{"rendered":"https:\/\/annettbossin.de\/?page_id=4"},"modified":"2025-08-01T19:11:41","modified_gmt":"2025-08-01T19:11:41","slug":"willkommen-auf-https-annettbossin-de","status":"publish","type":"page","link":"https:\/\/annettbossin.de\/","title":{"rendered":"home"},"content":{"rendered":"\n<hr class=\"wp-block-separator\"\/>\n\n\n\n<div class=\"wp-block-image is-style-default\"><figure class=\"aligncenter size-large is-resized\"><img loading=\"lazy\" src=\"https:\/\/annettbossin.de\/wp-content\/uploads\/2021\/04\/home-1024x158.jpg\" alt=\"\" class=\"wp-image-819\" width=\"1024\" height=\"158\" srcset=\"https:\/\/annettbossin.de\/wp-content\/uploads\/2021\/04\/home-1024x158.jpg 1024w, https:\/\/annettbossin.de\/wp-content\/uploads\/2021\/04\/home-300x46.jpg 300w, https:\/\/annettbossin.de\/wp-content\/uploads\/2021\/04\/home-768x118.jpg 768w, https:\/\/annettbossin.de\/wp-content\/uploads\/2021\/04\/home-1536x236.jpg 1536w, https:\/\/annettbossin.de\/wp-content\/uploads\/2021\/04\/home-2048x315.jpg 2048w\" sizes=\"(max-width: 1024px) 100vw, 1024px\" \/><\/figure><\/div>\n\n\n\n<p>Archiv : <\/p>\n\n\n\n<p class=\"has-text-align-center\">2022<br>VIELEN DANK AN ALLE F\u00dcR DAS SCH\u00d6NE SOMMERFEST DER EHEMALIGEN !<\/p>\n\n\n\n<p class=\"has-text-align-center\">Von 12 bis 3 Jahren waren die geladenen Kinder alt. Was f\u00fcr eine Freude euch alle zu sehen. F\u00fcr mich war unser Fest ein Geschenk!<\/p>\n\n\n\n<p class=\"has-text-align-center\">Lieben Dank an euch alle! Unsere Begegnungen hallen noch immer nach! <\/p>\n\n\n\n<p class=\"has-text-align-center\">Seit Januar 2013 gibt es nun die Kindertagespflege Wichtelreich &#8211; zehn aufregende Jahre! <\/p>\n\n\n\n<p class=\"has-text-align-center\">Ich freue mich \u00fcber die gelungene Zeit mit vielen Kindern, Eltern und Gro\u00dfeltern! <\/p>\n\n\n\n<p class=\"has-text-align-center\"><\/p>\n\n\n\n<p style=\"text-align: center;\"><span style=\"color: #008000;\"><strong><span class=\"tadv-color\" data-rich-text-format-boundary=\"true\">\u00a0<\/span><\/strong><\/span><\/p>\n\n\n\n<p><\/p>\n","protected":false},"excerpt":{"rendered":"<p>Archiv : 2022VIELEN DANK AN ALLE F\u00dcR DAS SCH\u00d6NE SOMMERFEST DER EHEMALIGEN ! Von 12 bis 3 Jahren waren die geladenen Kinder alt. Was f\u00fcr eine Freude euch alle zu [&hellip;]<\/p>\n","protected":false},"author":1,"featured_media":0,"parent":0,"menu_order":1,"comment_status":"closed","ping_status":"closed","template":"","meta":[],"_links":{"self":[{"href":"https:\/\/annettbossin.de\/index.php?rest_route=\/wp\/v2\/pages\/4"}],"collection":[{"href":"https:\/\/annettbossin.de\/index.php?rest_route=\/wp\/v2\/pages"}],"about":[{"href":"https:\/\/annettbossin.de\/index.php?rest_route=\/wp\/v2\/types\/page"}],"author":[{"embeddable":true,"href":"https:\/\/annettbossin.de\/index.php?rest_route=\/wp\/v2\/users\/1"}],"replies":[{"embeddable":true,"href":"https:\/\/annettbossin.de\/index.php?rest_route=%2Fwp%2Fv2%2Fcomments&post=4"}],"version-history":[{"count":58,"href":"https:\/\/annettbossin.de\/index.php?rest_route=\/wp\/v2\/pages\/4\/revisions"}],"predecessor-version":[{"id":1474,"href":"https:\/\/annettbossin.de\/index.php?rest_route=\/wp\/v2\/pages\/4\/revisions\/1474"}],"wp:attachment":[{"href":"https:\/\/annettbossin.de\/index.php?rest_route=%2Fwp%2Fv2%2Fmedia&parent=4"}],"curies":[{"name":"wp","href":"https:\/\/api.w.org\/{rel}","templated":true}]}}